 of w?
2
Suppose 4*k - 8 = -z, 0 = 5*z + 4*k - 2*k - 40. Let r(x) = x**2 - 5*x - 10. What is the tens digit of r(z)?
1
Suppose 1583 = -9*u + 4184. What is the hundreds digit of u?
2
Suppose 0*v + 3*v - 9 = 0. Suppose 2 - 95 = -v*g. What is the units digit of g?
1
Suppose 0 = 3*f + f. Suppose t = -f*t. Suppose t = 2*c - 6*c + 28. What is the units digit of c?
7
Let b(x) = x**2 + 3*x - 3. Let g = -1 - 2. Let k be b(g). Let y(m) = 2*m**2 + 2*m. What is the tens digit of y(k)?
1
Let h(d) = -d**3 - d**2 - d - 4. Let n be h(0). Let a = 6 + n. What is the units digit of a?
2
Let j(h) = h**2 + 3*h - 3. Let d be j(-4). Let f be (-9)/d*4/6. Let n = -3 - f. What is the units digit of n?
3
Let n be (1 + 39/(-3))/1. Let u = n + 8. What is the units digit of (14 + u)*(-8)/(-5)?
6
Let r(a) = 5*a. Let d(s) = 26*s. Let y(v) = -3*d(v) + 16*r(v). What is the units digit of y(3)?
6
Suppose -2*j = -5*w + 134 - 327, 0 = -3*w + 15. What is the tens digit of j?
0
Suppose a + 23 = 2*a. What is the units digit of a?
3
Let w = 175 - 60. What is the units digit of w?
5
Suppose 0 = -5*y + 2*y - 9, -3*y = -2*f + 17. Suppose -g + 100 = f*g. What is the units digit of g?
0
Let w = 18 - -4. Suppose g = -g + w. What is the units digit of g?
1
Let y(i) = i**2 - 5*i + 89. What is the hundreds digit of y(-12)?
2
What is the tens digit of 7*54*(-2)/(-21)?
3
Let i be 26/(-3 + (-5)/(-1)). Suppose 0 = 2*d - i - 3. Let b = 15 - d. What is the units digit of b?
7
What is the tens digit of (-424)/(-32) - 3/(-4)?
1
Suppose 0 = -4*p + 2*p + 5*v + 53, -5*p - 2*v + 118 = 0. What is the tens digit of p?
2
Let a be (-1)/(-2) - (-3)/(-6). What is the tens digit of 23 + (-1)/2*a?
2
Suppose k + 10 = 6*k. Suppose 2*s = -k*v + 15 - 1, 0 = -2*s - 5*v + 5. What is the units digit of s?
0
Let m(p) = -8*p - 3. What is the units digit of m(-5)?
7
Suppose 0 = 6*a - 3*a - 3*x - 75, 3*a - 73 = x. Suppose 3*q + 0*z + 3*z = a, 10 = 2*q - 4*z. Let f(o) = -o**2 + 8*o - 3. What is the units digit of f(q)?
4
Let k = -340 - -527. What is the tens digit of k?
8
Suppose 0 = 14*h - 12*h - 104. What is the tens digit of h?
5
Suppose 0 = -5*r + 2*r - 15. Let z(h) = h**2 + 1. Let d(l) = 3*l**2 + 5*l + 7. Let g(t) = d(t) - 2*z(t). What is the units digit of g(r)?
5
Let f = 9 - 7. Suppose 5*m = -3*o + 66, 4*m + 2*o - 24 = f*m. What is the units digit of m?
5
Let p be 6/(-2)*(-2)/6. Let a be 7/(-7) - p*-5. Suppose 12 = -a*y + 60. What is the tens digit of y?
1
Let j(u) = 29*u**2. Let c be j(-1). Let b = c + -17. Suppose n = 4*r, 5*n - 2*n = b. What is the units digit of r?
1
Let b = 4 + -2. Let k be 133/(-49) + b/(-7). What is the units digit of (k/(-3))/(1/3)?
3
Suppose 3*h + a + 9 = 0, 3*h + 3*a + 2 + 1 = 0. Let m = h + 10. Let l = 14 - m. What is the units digit of l?
8
Let j = -22 - -46. Suppose -2*w - 44 = -5*m, 0*w - j = -3*m + 2*w. What is the tens digit of m?
1
Let z(h) = h**3 + 5*h**2 + 3. What is the units digit of z(-3)?
1
What is the tens digit of 858/27 - (-4)/18?
3
Let p be (-1)/(1/(-2)) - -26. Let k = 39 - p. What is the tens digit of k?
1
Let i be 10*3*(1 + 4). Let d be (4/4)/(2/i). Suppose 0 = 4*x + x - d. What is the tens digit of x?
1
Let s be 8/6 - (-3)/(-9). What is the units digit of s/4 + (-1365)/(-60)?
3
Suppose -3*w = -8*w + 730. Suppose -4*a + 66 = -w. What is the tens digit of a?
5
Suppose 0 = 5*o + 7 - 47. Suppose -8 = -4*z + o. Suppose 4 = -z*h + 36. What is the units digit of h?
8
Let j(l) = 5*l**2 - 8*l + 9. Let x(n) = 11*n**2 - 17*n + 19. Let v(p) = 9*j(p) - 4*x(p). What is the units digit of v(5)?
0
Let t = 7 - -29. What is the units digit of t?
6
Suppose p + 0*p + 28 = 0. Let n = p - -54. What is the units digit of n?
6
Suppose 4*k + 4*b = -4, 3*b + 0*b + 15 = 3*k. Suppose 4*u - 4 = -3*r + k*r, 0 = 2*r - 2*u - 8. Suppose -r + 0 = -4*d. What is the units digit of d?
1
Let k(f) = 11*f**2 + 2*f + 4. Let g be k(3). Suppose v = 4*w + w - g, 2*w - 58 = 4*v. What is the tens digit of w?
2
Let p = 283 - 89. What is the units digit of p?
4
Suppose 126 = 16*w - 13*w. What is the tens digit of w?
4
Let j = 0 + 17. What is the tens digit of j?
1
Suppose 0*u + 28 = 4*u. What is the units digit of u?
7
Suppose f + 356 = 4*r + 12, 0 = -2*f. What is the units digit of r?
6
Suppose 4*k - 9*k + 215 = 0. What is the tens digit of k?
4
Let x = -183 - -313. Suppose 5*f = -2*z + 33, -5*z + f - 4*f = -x. What is the units digit of z?
9
Let s(c) = 8*c**3 + 2*c**2 + 2*c + 1. Let r be s(-1). Let i = -1 - r. What is the units digit of (-9)/i*(-10)/3?
5
What is the units digit of (-1)/(4/(-24)) + -2?
4
Let p = -97 - -173. What is the tens digit of p?
7
Let d = 6 + -12. Let s be (-1 + d/(-4))*0. Suppose 3*v + s*v + 3*f - 24 = 0, -4*f - 22 = -5*v. What is the units digit of v?
6
Let o(n) = n**2 - n + 6. What is the tens digit of o(-7)?
6
Let c = 53 - 79. What is the tens digit of (-10 + 2)*c/8?
2
Let u be 2/9 + 160/9. Let r = u + -10. What is the units digit of r?
8
Suppose 4*v + 27 = -4*y + 5*y, 25 = -5*v. Let w = 5 + y. What is the units digit of w?
2
Let m(y) = y**2 + 9*y + 5. Let c(h) = -11*h**2 - 2*h - 1. Let k be c(-1). What is the tens digit of m(k)?
1
Suppose 4*b + 76 = 5*w, 2*w - 2*b - 4 = -7*b. What is the tens digit of w?
1
Suppose 5 = 5*n + 5*k, 0*n - k + 1 = -3*n. Suppose n = 2*o - 6 - 2. What is the units digit of (1*6)/3*o?
8
Let q be (1*-2 - 0) + 14. Let s = q + -6. What is the units digit of s?
6
Let n(v) = 3*v**2 + v - 2. Let k(x) = 16*x**2 + 4*x - 10. Let o(t) = -2*k(t) + 11*n(t). Let i be o(-3). Let j = 5 + i. What is the units digit of j?
3
Let d = -3 + 12. Suppose -d = a - 2*a. What is the units digit of a?
9
Let z = -317 + 455. What is the units digit of z?
8
Let r = 11 + -7. What is the units digit of (-1 + r - 6) + 5?
2
Suppose -3 = i - 0*u + 2*u, -3*u - 24 = -5*i. Let k be (-14)/(-6) + (-5)/15. Suppose -3*p + n + 40 = 2*n, k*p - 12 = i*n. What is the tens digit of p?
1
Suppose b + 2*b - 12 = -3*n, -12 = -3*n + 2*b. Suppose 5*x + 32 = n*i, 4*x + 16 = -0*x. What is the units digit of i?
3
What is the tens digit of 282*(2/(-3))/(-2)?
9
What is the tens digit of ((-1059)/6)/((-8)/16)?
5
Let f = -196 - -502. What is the units digit of f?
6
Suppose 5*a = 8 + 2. Let y(v) = v**a + 0*v - 2*v + 3*v + 1 - v**3. What is the units digit of y(0)?
1
Let m(b) = b**2 - 7*b + 2. Let r be m(5). What is the units digit of (22/8)/((-2)/r)?
1
Suppose 3*d - 72 = k - 2, -5*d = -3*k - 122. Suppose 4*n + d = a + 3*n, 3*n - 70 = -5*a. What is the units digit of a?
7
Suppose 17*t - 70 = 16*t. What is the units digit of t?
0
What is the tens digit of (-2)/9 - (-209)/9?
2
What is the units digit of (4/(-5))/((-1)/5)?
4
Suppose 4*o + n - 41 = 0, 3*o - 24 = -n + 6. What is the units digit of o?
1
Suppose -1 = 2*i - 9. Suppose -4*q - 25 = -s, -2*q = -i*s + 32 - 2. What is the units digit of s?
5
Let w be 2/6 - 52/(-6). Let y = w - 15. Let t(q) = -q**3 - 6*q**2 - 2*q - 7. What is the units digit of t(y)?
5
Suppose q + 5 = 2*b - 9, 29 = -q + 5*b. Let d(p) = p**3 + 6*p**2 + p + 2. What is the units digit of d(q)?
0
Let d = 248 + -132. What is the units digit of d?
6
Suppose 6*m + 6 = 3*m. Let i be -4*-1*m/(-4). Let a(w) = 2*w**3 - 2*w**2 + w - 1. What is the units digit of a(i)?
9
Suppose 0 = -9*v + 5*v + 8. Suppose 3*a - v*a + 1 = 0, -37 = -3*b - 5*a. What is the tens digit of b?
1
Let y = 13 - 13. Suppose 0 = 3*j - y*j + 5*v - 92, 0 = -2*j + v + 44. What is the tens digit of j?
2
What is the tens digit of (2 + -4)*195/(-6)?
6
Let h = -3 - -3. Suppose h = t - 15 - 2. What is the tens digit of t?
1
Let y = -30 + 82. Suppose 7 = -3*a + y. What is the units digit of a?
5
Let j be ((-9)/4)/((-7)/(-28)). Let s = j - -8. Let u(p) = -8*p**3 + p**2. What is the units digit of u(s)?
9
Let f = 113 + -24. What is the units digit of f?
9
Suppose -n + k = -21, 3*k + 69 = 4*n - 11. What is the units digit of n?
7
Let g(d) be the first derivative of -d**2/2 + d - 1. What is the units digit of g(-5)?
6
Suppose -2*s = -4*w + 2*w - 166, -5*w = 3*s - 249. Suppose 3*k = 4*v - s, -k = 2*v - 3*k - 44. What is the units digit of v?
7
Let u(t) = -2*t - 1 - t - 3*t + 4*t. What is the units digit of u(-5)?
9
Let b be (0 + -2)/(1/5). What is the units digit of 4 + -2 - b/2?
7
Suppose 3*h - 23 + 5 = 0. Suppose 0 = -h*n + 2*n + 48. Suppose 3*b - n =